{"id":3886,"date":"2017-07-26T14:38:07","date_gmt":"2017-07-26T22:38:07","guid":{"rendered":"https:\/\/davidrosenmann-taub.com\/?page_id=3886\/"},"modified":"2018-06-28T11:17:07","modified_gmt":"2018-06-28T19:17:07","slug":"el-zocalo-puma-de-luz","status":"publish","type":"page","link":"https:\/\/davidrosenmann-taub.com\/es\/examples\/el-zocalo-puma-de-luz\/","title":{"rendered":"El Z\u00f3calo: LXVI &middot; <em>Puma de luz&#8230;<\/em>"},"content":{"rendered":"<h1>El Z\u00f3calo<\/h1>\r\n<h2>LXVI<br \/><em>Puma de luz...<\/em><\/h2>\r\n<p>&nbsp;<\/p>\r\n<p class=\"half-centered\"><span class=\"padtext\">&nbsp;<\/span>Puma de luz: me he sumergido<br \/>\r\nen el cuarto de Sara,<br \/>\r\nhurgando una quimera de pudores y almizcles<br \/>\r\nen las gavetas donde ya no hay nada:<br \/>\r\nembriaguez de baldosa con lluvia,<br \/>\r\nde retratos o broches o acacias.<\/p>\r\n\r\n<p class=\"half-centered\"><span class=\"padtext\">&nbsp;<\/span>He estregado un mont\u00f3n de polvo<br \/>\r\nen los presidios de mi cara:<br \/>\r\nmatza flagrante, sonora gamuza,<br \/>\r\ncrinolinas de porcelana,<br \/>\r\ntropel de mu\u00f1ecas y valses<br \/>\r\ny abanicos y chapas.<\/p>\r\n\r\n<p class=\"half-centered\"><span class=\"padtext\">&nbsp;<\/span>Tras mascar el ropero vac\u00edo,<br \/>\r\nrasgu\u00f1ando el rinc\u00f3n de la l\u00e1mpara,<br \/>\r\nhe lamido tapiz y paredes:<br \/>\r\nsequedal hacia esponjas de haza\u00f1a:<br \/>\r\ncon el jaral bullir de las polillas<br \/>\r\nun destello de cinta se enma\u00f1ana.<\/p>\r\n\r\n<p class=\"half-centered\"><span class=\"padtext\">&nbsp;<\/span>El yeso me ha otorgado sus bodegas:<br \/>\r\nhe ajordado, vicioso, por la rambla<br \/>\r\nde la victrola desaparecida:<br \/>\r\npor su cardumen de pizarra c\u00e1lida:<br \/>\r\ntobog\u00e1n de cerezas<br \/>\r\npara arribar al n\u00e1car de la infancia.<\/p>\r\n\r\n<p class=\"half-centered\"><span class=\"padtext\">&nbsp;<\/span>Arderme, persistirme,<br \/>\r\nhasta brotarme palmas en las palmas:<br \/>\r\nfrenes\u00ed de fronteras,<br \/>\r\ntan remoto, en volandas,<br \/>\r\ntan mendigo, tan dentro<br \/>\r\nme buscaba y jadeaba y buscaba<br \/>\r\nel olor sin color, sin aroma,<br \/>\r\nde ciertas l\u00e1grimas.<\/p>\r\n<p>&nbsp;<\/p>","protected":false},"excerpt":{"rendered":"El Z\u00f3calo LXVIPuma de luz&#8230; &nbsp; &nbsp;Puma de luz: me he sumergido en el cuarto de Sara, hurgando una quimera de pudores y almizcles en las gavetas donde ya no hay nada: embriaguez de baldosa con lluvia, de retratos o broches o acacias. &nbsp;He estregado un mont\u00f3n de polvo en los presidios de mi cara: [&hellip;]","protected":false},"author":1,"featured_media":0,"parent":542,"menu_order":31,"comment_status":"closed","ping_status":"closed","template":"","meta":{"nf_dc_page":"","_monsterinsights_skip_tracking":false,"_monsterinsights_sitenote_active":false,"_monsterinsights_sitenote_note":"","_monsterinsights_sitenote_category":0,"footnotes":""},"class_list":["post-3886","page","type-page","status-publish","hentry"],"aioseo_notices":[],"_links":{"self":[{"href":"https:\/\/davidrosenmann-taub.com\/es\/wp-json\/wp\/v2\/pages\/3886","targetHints":{"allow":["GET"]}}],"collection":[{"href":"https:\/\/davidrosenmann-taub.com\/es\/wp-json\/wp\/v2\/pages"}],"about":[{"href":"https:\/\/davidrosenmann-taub.com\/es\/wp-json\/wp\/v2\/types\/page"}],"author":[{"embeddable":true,"href":"https:\/\/davidrosenmann-taub.com\/es\/wp-json\/wp\/v2\/users\/1"}],"replies":[{"embeddable":true,"href":"https:\/\/davidrosenmann-taub.com\/es\/wp-json\/wp\/v2\/comments?post=3886"}],"version-history":[{"count":2,"href":"https:\/\/davidrosenmann-taub.com\/es\/wp-json\/wp\/v2\/pages\/3886\/revisions"}],"predecessor-version":[{"id":4173,"href":"https:\/\/davidrosenmann-taub.com\/es\/wp-json\/wp\/v2\/pages\/3886\/revisions\/4173"}],"up":[{"embeddable":true,"href":"https:\/\/davidrosenmann-taub.com\/es\/wp-json\/wp\/v2\/pages\/542"}],"wp:attachment":[{"href":"https:\/\/davidrosenmann-taub.com\/es\/wp-json\/wp\/v2\/media?parent=3886"}],"curies":[{"name":"wp","href":"https:\/\/api.w.org\/{rel}","templated":true}]}}

El Zócalo: LXVI &middot; <em>Puma de luz&#8230;</em>

<h1>El Zócalo</h1>
<h2>LXVI<br /><em>Puma de luz...</em></h2>
<p>&nbsp;</p>
<p class="half-centered"><span class="padtext">&nbsp;</span>Puma de luz: me he sumergido<br />
en el cuarto de Sara,<br />
hurgando una quimera de pudores y almizcles<br />
en las gavetas donde ya no hay nada:<br />
embriaguez de baldosa con lluvia,<br />
de retratos o broches o acacias.</p>

<p class="half-centered"><span class="padtext">&nbsp;</span>He estregado un montón de polvo<br />
en los presidios de mi cara:<br />
matza flagrante, sonora gamuza,<br />
crinolinas de porcelana,<br />
tropel de muñecas y valses<br />
y abanicos y chapas.</p>

<p class="half-centered"><span class="padtext">&nbsp;</span>Tras mascar el ropero vacío,<br />
rasguñando el rincón de la lámpara,<br />
he lamido tapiz y paredes:<br />
sequedal hacia esponjas de hazaña:<br />
con el jaral bullir de las polillas<br />
un destello de cinta se enmañana.</p>

<p class="half-centered"><span class="padtext">&nbsp;</span>El yeso me ha otorgado sus bodegas:<br />
he ajordado, vicioso, por la rambla<br />
de la victrola desaparecida:<br />
por su cardumen de pizarra cálida:<br />
tobogán de cerezas<br />
para arribar al nácar de la infancia.</p>

<p class="half-centered"><span class="padtext">&nbsp;</span>Arderme, persistirme,<br />
hasta brotarme palmas en las palmas:<br />
frenesí de fronteras,<br />
tan remoto, en volandas,<br />
tan mendigo, tan dentro<br />
me buscaba y jadeaba y buscaba<br />
el olor sin color, sin aroma,<br />
de ciertas lágrimas.</p>
<p>&nbsp;</p>

El Zócalo LXVIPuma de luz&#8230; &nbsp; &nbsp;Puma de luz: me he sumergido en el cuarto de Sara, hurgando una quimera de pudores y almizcles en las gavetas donde ya no hay nada: embriaguez de baldosa con lluvia, de retratos o broches o acacias. &nbsp;He estregado un montón de polvo en los presidios de mi cara: [&hellip;]
