{"id":6007,"date":"2025-03-20T16:12:16","date_gmt":"2025-03-20T23:12:16","guid":{"rendered":"https:\/\/davidrosenmann-taub.com\/?page_id=6007"},"modified":"2025-10-31T17:08:07","modified_gmt":"2025-11-01T00:08:07","slug":"poesiectomia","status":"publish","type":"page","link":"https:\/\/davidrosenmann-taub.com\/es\/drawings\/poesiectomia\/","title":{"rendered":"POESIECTOM&Iacute;A"},"content":{"rendered":"<p class=\"imagebox\">\r\n<a href=\"\/images\/drawings\/Poesiectomia-w1000.jpg\" class=\"nounder highslide\" onclick=\"return hs.expand(this)\" rel=\"highslide\"><img decoding=\"async\" src=\"\/images\/drawings\/Poesiectomia-w480.jpg\" alt=\"POESIECTOM&Iacute;A\" \/><\/a>\r\n<\/p>\r\n<p class=\"imagebox\">&nbsp;<\/p>\r\n<h2>POESIECTOM&Iacute;A<\/h2>\r\n<h4>1992. L\u00e1piz sobre papel. 33x22 cm.<\/h4>\r\n<p class=\"reference\">[El autor seleccion\u00f3 este retrato para la portada de su libro <a href=\"https:\/\/davidrosenmann-taub.com\/es\/books\/poesiectomia\/\"><em>Poesiectom\u00eda<\/em> (LOM Ediciones, 2005)<\/a>.]<\/p>\r\n<p>La palabra &ldquo;poesiectom\u00eda&rdquo; es un neologismo creado por el artista, &ldquo;ectom\u00eda&rdquo; como sufijo que indica extirpaci\u00f3n quir\u00fargica.<\/p>\r\n<p>En esta colecci\u00f3n de versos, realiza una operaci\u00f3n por medio de la poes\u00eda. Se propone diseccionar la realidad, abrirla y revelarla en detalle. Este esfuerzo tambi\u00e9n requiere un penetrante autoan\u00e1lisis.<\/p>\r\n<p>Como en varios dibujos de David Rosenmann-Taub, la figura no es masculina ni femenina.<\/p>\r\n<p>Su cuello, lacerado por los acontecimientos de la vida, con la piel descarnada y en cierta forma transparente: el personaje sabe c\u00f3mo puede ser la existencia; lo ha visto a trav\u00e9s de ella y de s\u00ed mismo.<\/p>\r\n<p>Como si fuera hacia el cadalso, a pesar de su intensa preocupaci\u00f3n, permanece tranquilo, cerrando los ojos para concentrarse m\u00e1s profundamente. Las cejas bajas y oscuras enfatizan el efecto.<\/p>\r\n\r\n<p>Va hacia adelante, vulnerable pero determinado, mientras que su cuello herido ofrece la solidez de un pedestal.<\/p>","protected":false},"excerpt":{"rendered":"&nbsp; POESIECTOM&Iacute;A 1992. L\u00e1piz sobre papel. 33&#215;22 cm. [El autor seleccion\u00f3 este retrato para la portada de su libro Poesiectom\u00eda (LOM Ediciones, 2005).] La palabra &ldquo;poesiectom\u00eda&rdquo; es un neologismo creado por el artista, &ldquo;ectom\u00eda&rdquo; como sufijo que indica extirpaci\u00f3n quir\u00fargica. En esta colecci\u00f3n de versos, realiza una operaci\u00f3n por medio de la poes\u00eda. Se propone [&hellip;]","protected":false},"author":2,"featured_media":0,"parent":5945,"menu_order":14,"comment_status":"closed","ping_status":"closed","template":"","meta":{"nf_dc_page":"","_monsterinsights_skip_tracking":false,"_monsterinsights_sitenote_active":false,"_monsterinsights_sitenote_note":"","_monsterinsights_sitenote_category":0,"footnotes":""},"class_list":["post-6007","page","type-page","status-publish","hentry"],"aioseo_notices":[],"_links":{"self":[{"href":"https:\/\/davidrosenmann-taub.com\/es\/wp-json\/wp\/v2\/pages\/6007","targetHints":{"allow":["GET"]}}],"collection":[{"href":"https:\/\/davidrosenmann-taub.com\/es\/wp-json\/wp\/v2\/pages"}],"about":[{"href":"https:\/\/davidrosenmann-taub.com\/es\/wp-json\/wp\/v2\/types\/page"}],"author":[{"embeddable":true,"href":"https:\/\/davidrosenmann-taub.com\/es\/wp-json\/wp\/v2\/users\/2"}],"replies":[{"embeddable":true,"href":"https:\/\/davidrosenmann-taub.com\/es\/wp-json\/wp\/v2\/comments?post=6007"}],"version-history":[{"count":1,"href":"https:\/\/davidrosenmann-taub.com\/es\/wp-json\/wp\/v2\/pages\/6007\/revisions"}],"predecessor-version":[{"id":6008,"href":"https:\/\/davidrosenmann-taub.com\/es\/wp-json\/wp\/v2\/pages\/6007\/revisions\/6008"}],"up":[{"embeddable":true,"href":"https:\/\/davidrosenmann-taub.com\/es\/wp-json\/wp\/v2\/pages\/5945"}],"wp:attachment":[{"href":"https:\/\/davidrosenmann-taub.com\/es\/wp-json\/wp\/v2\/media?parent=6007"}],"curies":[{"name":"wp","href":"https:\/\/api.w.org\/{rel}","templated":true}]}}

<p class="imagebox">
<a href="/images/drawings/Poesiectomia-w1000.jpg" class="nounder highslide" onclick="return hs.expand(this)" rel="highslide"><img decoding="async" src="/images/drawings/Poesiectomia-w480.jpg" alt="POESIECTOM&Iacute;A" /></a>
</p>
<p class="imagebox">&nbsp;</p>
<h2>POESIECTOM&Iacute;A</h2>
<h4>1992. Lápiz sobre papel. 33x22 cm.</h4>
<p class="reference">[El autor seleccionó este retrato para la portada de su libro <a href="https://davidrosenmann-taub.com/es/books/poesiectomia/"><em>Poesiectomía</em> (LOM Ediciones, 2005)</a>.]</p>
<p>La palabra &ldquo;poesiectomía&rdquo; es un neologismo creado por el artista, &ldquo;ectomía&rdquo; como sufijo que indica extirpación quirúrgica.</p>
<p>En esta colección de versos, realiza una operación por medio de la poesía. Se propone diseccionar la realidad, abrirla y revelarla en detalle. Este esfuerzo también requiere un penetrante autoanálisis.</p>
<p>Como en varios dibujos de David Rosenmann-Taub, la figura no es masculina ni femenina.</p>
<p>Su cuello, lacerado por los acontecimientos de la vida, con la piel descarnada y en cierta forma transparente: el personaje sabe cómo puede ser la existencia; lo ha visto a través de ella y de sí mismo.</p>
<p>Como si fuera hacia el cadalso, a pesar de su intensa preocupación, permanece tranquilo, cerrando los ojos para concentrarse más profundamente. Las cejas bajas y oscuras enfatizan el efecto.</p>

<p>Va hacia adelante, vulnerable pero determinado, mientras que su cuello herido ofrece la solidez de un pedestal.</p>

&nbsp; POESIECTOM&Iacute;A 1992. Lápiz sobre papel. 33&#215;22 cm. [El autor seleccionó este retrato para la portada de su libro Poesiectomía (LOM Ediciones, 2005).] La palabra &ldquo;poesiectomía&rdquo; es un neologismo creado por el artista, &ldquo;ectomía&rdquo; como sufijo que indica extirpación quirúrgica. En esta colección de versos, realiza una operación por medio de la poesía. Se propone [&hellip;]
