{"id":6367,"date":"2025-08-01T16:08:33","date_gmt":"2025-08-01T23:08:33","guid":{"rendered":"https:\/\/davidrosenmann-taub.com\/?page_id=6367"},"modified":"2025-12-20T12:33:36","modified_gmt":"2025-12-20T20:33:36","slug":"awards-2020","status":"publish","type":"page","link":"https:\/\/davidrosenmann-taub.com\/es\/awards\/awards-2020\/","title":{"rendered":"Ganadores de los Premios Corda 2020"},"content":{"rendered":"<h2>Ganadores de los Premios Corda 2020<\/h2>\r\n<div id=\"yearbar\">\r\n  <ul>\r\n    <li><a href=\"\/es\/awards\/awards-2022\">2022<\/a><\/li>\r\n    <li class=\"thisyear\"><a href=\"\/es\/awards\/awards-2020\">2020<\/a><\/li>\r\n    <li><a href=\"\/es\/awards\/awards-2017\">2017<\/a><\/li>\r\n    <li><a href=\"\/es\/awards\/awards-2015\">2015<\/a><\/li>\r\n    <li><a href=\"\/es\/awards\/awards-2013\">2013<\/a><\/li>\r\n    <li><a href=\"\/es\/awards\/awards-2011\">2011<\/a><\/li>\r\n    <li><a href=\"\/es\/awards\/awards-2009\">2009<\/a><\/li>\r\n    <li><a href=\"\/es\/awards\/awards-2008\">2008<\/a><\/li>\r\n  <\/ul>\r\n<\/div>\r\n\r\n\r\n<p style=\"width:270px; float:right; margin-left:12px; text-align:center;\"><a href=\"\/images\/posters\/PROPUESTA-2020.jpg\" class=\"nounder highslide\" onclick=\"return hs.expand(this)\" rel=\"highslide\"><img decoding=\"async\" src=\"\/images\/posters\/PROPUESTA-2020-Thumb.jpg\" alt=\"Premios Corda 2020\" \/><\/a><br \/><strong>Premios Corda 2020<\/strong><\/p>\r\n<p>La Fundaci\u00f3n Corda y su Comit\u00e9 de Asesores desean felicitar a los ganadores de los Premios 2020 por los meritorios trabajos que aportan al estudio de la obra po\u00e9tica de David Rosenmann-Taub.<\/p>\r\n<h3 style=\"clear:none !important;\">Categor\u00eda: Profesores,&nbsp;Cr\u00edticos&nbsp;y otros&nbsp;Investigadores<\/h3>\r\n<p><a href=\"\/es\/awards\/recipients\/eduardo-espina\/\"><strong>Eduardo Espina<\/strong><\/a>. Professor, writer, poet. Texas A&amp;M University.<br \/>\r\n<em>Escribir en la cuenta regresiva. La poes\u00eda \u00faltima de David Rosenmann-Taub.<\/em><\/p>","protected":false},"excerpt":{"rendered":"Ganadores de los Premios Corda 2020 2022 2020 2017 2015 2013 2011 2009 2008 Premios Corda 2020 La Fundaci\u00f3n Corda y su Comit\u00e9 de Asesores desean felicitar a los ganadores de los Premios 2020 por los meritorios trabajos que aportan al estudio de la obra po\u00e9tica de David Rosenmann-Taub. Categor\u00eda: Profesores,&nbsp;Cr\u00edticos&nbsp;y otros&nbsp;Investigadores Eduardo Espina. Professor, [&hellip;]","protected":false},"author":2,"featured_media":0,"parent":6216,"menu_order":1,"comment_status":"closed","ping_status":"closed","template":"","meta":{"nf_dc_page":"","_monsterinsights_skip_tracking":false,"_monsterinsights_sitenote_active":false,"_monsterinsights_sitenote_note":"","_monsterinsights_sitenote_category":0,"footnotes":""},"class_list":["post-6367","page","type-page","status-publish","hentry"],"aioseo_notices":[],"_links":{"self":[{"href":"https:\/\/davidrosenmann-taub.com\/es\/wp-json\/wp\/v2\/pages\/6367","targetHints":{"allow":["GET"]}}],"collection":[{"href":"https:\/\/davidrosenmann-taub.com\/es\/wp-json\/wp\/v2\/pages"}],"about":[{"href":"https:\/\/davidrosenmann-taub.com\/es\/wp-json\/wp\/v2\/types\/page"}],"author":[{"embeddable":true,"href":"https:\/\/davidrosenmann-taub.com\/es\/wp-json\/wp\/v2\/users\/2"}],"replies":[{"embeddable":true,"href":"https:\/\/davidrosenmann-taub.com\/es\/wp-json\/wp\/v2\/comments?post=6367"}],"version-history":[{"count":3,"href":"https:\/\/davidrosenmann-taub.com\/es\/wp-json\/wp\/v2\/pages\/6367\/revisions"}],"predecessor-version":[{"id":6584,"href":"https:\/\/davidrosenmann-taub.com\/es\/wp-json\/wp\/v2\/pages\/6367\/revisions\/6584"}],"up":[{"embeddable":true,"href":"https:\/\/davidrosenmann-taub.com\/es\/wp-json\/wp\/v2\/pages\/6216"}],"wp:attachment":[{"href":"https:\/\/davidrosenmann-taub.com\/es\/wp-json\/wp\/v2\/media?parent=6367"}],"curies":[{"name":"wp","href":"https:\/\/api.w.org\/{rel}","templated":true}]}}

<h2>Ganadores de los Premios Corda 2020</h2>
<div id="yearbar">
  <ul>
    <li><a href="/es/awards/awards-2022">2022</a></li>
    <li class="thisyear"><a href="/es/awards/awards-2020">2020</a></li>
    <li><a href="/es/awards/awards-2017">2017</a></li>
    <li><a href="/es/awards/awards-2015">2015</a></li>
    <li><a href="/es/awards/awards-2013">2013</a></li>
    <li><a href="/es/awards/awards-2011">2011</a></li>
    <li><a href="/es/awards/awards-2009">2009</a></li>
    <li><a href="/es/awards/awards-2008">2008</a></li>
  </ul>
</div>


<p style="width:270px; float:right; margin-left:12px; text-align:center;"><a href="/images/posters/PROPUESTA-2020.jpg" class="nounder highslide" onclick="return hs.expand(this)" rel="highslide"><img decoding="async" src="/images/posters/PROPUESTA-2020-Thumb.jpg" alt="Premios Corda 2020" /></a><br /><strong>Premios Corda 2020</strong></p>
<p>La Fundación Corda y su Comité de Asesores desean felicitar a los ganadores de los Premios 2020 por los meritorios trabajos que aportan al estudio de la obra poética de David Rosenmann-Taub.</p>
<h3 style="clear:none !important;">Categoría: Profesores,&nbsp;Críticos&nbsp;y otros&nbsp;Investigadores</h3>
<p><a href="/es/awards/recipients/eduardo-espina/"><strong>Eduardo Espina</strong></a>. Professor, writer, poet. Texas A&amp;M University.<br />
<em>Escribir en la cuenta regresiva. La poesía última de David Rosenmann-Taub.</em></p>

Ganadores de los Premios Corda 2020 2022 2020 2017 2015 2013 2011 2009 2008 Premios Corda 2020 La Fundación Corda y su Comité de Asesores desean felicitar a los ganadores de los Premios 2020 por los meritorios trabajos que aportan al estudio de la obra poética de David Rosenmann-Taub. Categoría: Profesores,&nbsp;Críticos&nbsp;y otros&nbsp;Investigadores Eduardo Espina. Professor, [&hellip;]
