{"id":4357,"date":"2019-03-04T13:24:18","date_gmt":"2019-03-04T21:24:18","guid":{"rendered":"https:\/\/davidrosenmann-taub.com\/?page_id=4357"},"modified":"2019-03-04T13:24:18","modified_gmt":"2019-03-04T21:24:18","slug":"el-mercurio-tapia-2013","status":"publish","type":"page","link":"https:\/\/davidrosenmann-taub.com\/fr\/interviews\/el-mercurio-tapia-2013\/","title":{"rendered":"Interview avec David Rosenmann-Taub dans un article de Patricio Tapia"},"content":{"rendered":"<h1>Interview avec David Rosenmann-Taub dans un article de Patricio Tapia<\/h1>\r\n<h2><em>Las edades del hombre seg\u00fan David Rosenmann-Taub<\/em><br \/>El Mercurio, Santiago du Chili, 1 avril 2013<\/h2>\r\n<p class=\"pull-quote big-quote\">Le contenu que vous avez demand&eacute; n'est pas disponible dans votre langue; cependant, la version originale en espagnol est ci-dessous. <\/p>\r\n<p class=\"the-question\"><strong>1.- \u201cLa Noche Antes\u201d concluye&nbsp;\u201cCortejo y Epinicio\u201d. \u00bfSiempre lo  pens\u00f3 as\u00ed?<\/strong><\/p>\r\n<p>Es el a\u00f1o 1941. Yo acababa de cumplir catorce. Me pareci\u00f3 muy  importante dejar testimonio de lo que es y no es humano en el ser humano; sent\u00ed  que \u00e9sa era la raz\u00f3n de mi existencia. <br \/>\r\n  Los seres humanos forman un cortejo. Tener conciencia de la conciencia:  la victoria \u2013 el epinicio \u2013. Quise describir el regalo de saber<em>se<\/em> y el de tener una voluntad. Planifiqu\u00e9  la tetralog\u00eda. Me ha exigido setenta a\u00f1os cumplir lo que me propuse. <\/p>\r\n<p><em>Cortejo y Epinicio<\/em> es s\u00f3lo uno de mis proyectos. He sido fiel a todos ellos. Cre\u00e9 <em>Auge<\/em> en dos vol\u00famenes. El primero ya ha  sido publicado. <em>Los Despojos del Sol<\/em> es  una serie numerosa de vol\u00famenes. Y hay otros m\u00e1s. <\/p>\r\n<p><em>Cortejo y Epinicio<\/em> podr\u00eda haber sido publicado antes de mis treinta a\u00f1os. \u00bfPor qu\u00e9 he  necesitado cuarenta a\u00f1os m\u00e1s? He querido constatar mi concepci\u00f3n: la  experiencia directa del suceder. No ha habido diferencia. Mi visi\u00f3n no ha  cambiado. <\/p>\r\n<p class=\"the-question\"><strong>2.- \u00bfC\u00f3mo describir\u00eda la estructura de la obra total?<\/strong><\/p>\r\n<p>Cada volumen corresponde a una de las cuatro tradicionales edades del  hombre, a una de las cuatro partes del d\u00eda, y a la primavera, el verano, el  oto\u00f1o y el invierno de la vida. En cada una de las estaciones siempre est\u00e1n  presentes las otras. En la vejez, a menudo, la primavera. <\/p>\r\n<p>Si bien el cuarto volumen corresponde a la noche \u2013 el invierno, la  vejez \u2013, la energ\u00eda de la destrucci\u00f3n aparece a toda hora. <em>La Noche Antes<\/em> sucede a cualquier edad. En un sentido obvio, <em>La Noche Antes<\/em> es cuando la persona sabe  que se est\u00e1 marchando. <\/p>\r\n<p>He \u00a0descrito, en otra obra, la <em>Ma\u00f1ana<\/em> siguiente a esa <em>Noche<\/em>. Nada termina y nada empieza. Y todo  empieza y todo termina. El mundo f\u00edsico: una contradicci\u00f3n. La verdadera l\u00f3gica  no posee l\u00f3gica. No es disparatado afirmar \u201cla eternidad naci\u00f3 muerta\u201d. De la  misma manera que todo desaparece, nada puede desaparecer. <\/p>\r\n<p class=\"the-question\"><strong>3.- \u00bfHay algunos cambios en los libros previos que imponga este  \u00faltimo?<\/strong><\/p>\r\n<p>El trascurso del tiempo me ha permitido constatar que yo, por encima  de la edad, soy \u00a0un espejo que refleja  muchas cosas, pero el espejo es exactamente el mismo espejo. <\/p>\r\n<p>En <em>Cortejo y Epinicio<\/em>, un poema ayuda al otro. En cada volumen est\u00e1n  las cuatro estaciones y hay cap\u00edtulos que se contin\u00faan de libro a libro. La  referencia a la vejez y la muerte se hace m\u00e1s presente en <em>La Noche Antes<\/em>. <\/p>\r\n<p>No es lo mismo el saludo cotidiano, que el definitivo adi\u00f3s. Observar todo  para ver el sentido.\u00a0 Observar todo para ver  que no hay ning\u00fan sentido. \u00a0Credulidad  sin fe.\u00a0 Fe en la incredulidad. \u00bfTiene alg\u00fan  sentido vivir?\u00a0 La condici\u00f3n humana es,  en general, inhumana. <\/p>\r\n<p class=\"the-question\"><strong>4.- En el poema \u201cCL\u201d, se lee \u201c\u2014\u00bfY mi obra?\u201d: \u201c\u2014Yacer\u00e1 en la  intemperie\u201d. \u00bfAs\u00ed lo cree?<\/strong><\/p>\r\n<p>Estoy en las mismas condiciones que todos, que este planeta, que el  cosmos. \u00a0El vocablo <em>intemperie<\/em> contiene <em>tiempo.<\/em><\/p>\r\n<p>El poema es un di\u00e1logo conmigo. S\u00e9 qu\u00e9 va a pasar con mi persona y pregunto  por mi obra. Tiene otro destino que el m\u00edo. \u00bfEl riesgo de la <em>intemperie<\/em>? La <em>intemperie<\/em>, como yo, depende de la <em>intemperie<\/em>.<\/p>\r\n<p class=\"the-question\"><strong>5.- \u00bfPor qu\u00e9 s\u00f3lo un poema&nbsp; (\u201cCIX\u201d) tiene partitura?<\/strong><\/p>\r\n<p>Qu\u00e9 m\u00e1s m\u00fasica que la real unidad de dos verdaderos seres humanos. \u00a0Qu\u00e9 ritmo m\u00e1s perfecto. Una luminosa fusi\u00f3n. \u00bfT\u00fa  y yo? No. T\u00fa y t\u00fa. Yo y yo. Cada uno quiere lo mejor para el otro, y esta  disposici\u00f3n no va a cambiar. Todos mis poemas tienen su partitura r\u00edtmica. Me  pareci\u00f3 falta de generosidad, en este caso, no compartirla con el lector. <\/p>\r\n<p class=\"the-question\"><strong>6.- En el poema \u201cSoberbia\u201d dice: \u201cNo nac\u00ed en Chile. \/ Chile naci\u00f3 en  m\u00ed\u201d. \u00bfPodr\u00eda explicarlo?<\/strong><\/p>\r\n<p>\u00a0Hablo de <em>mi<\/em> Chile.<\/p>\r\n<p class=\"the-question\"><strong>7.- Por otra parte, \u00bfse considera usted soberbio? \u00bfy en qu\u00e9 sentido de  la palabra?<\/strong><\/p>\r\n<p>Conozco la soberbia y para ciertas situaciones es tan necesaria como  la humildad. Hay que usarlas cuando corresponde. En <em>Cortejo y Epinicio<\/em> tomo todas las posiciones: el s\u00ed, el no, el  quiz\u00e1. Dichoso y desgraciado. Todas las disposiciones humanas. Con \u00e9tica.\u00a0 <\/p>\r\n","protected":false},"excerpt":{"rendered":"Interview avec David Rosenmann-Taub dans un article de Patricio Tapia Las edades del hombre seg\u00fan David Rosenmann-TaubEl Mercurio, Santiago du Chili, 1 avril 2013 Le contenu que vous avez demand&eacute; n&#8217;est pas disponible dans votre langue; cependant, la version originale en espagnol est ci-dessous. 1.- \u201cLa Noche Antes\u201d concluye&nbsp;\u201cCortejo y Epinicio\u201d. \u00bfSiempre lo pens\u00f3 as\u00ed? [&hellip;]","protected":false},"author":2,"featured_media":0,"parent":1146,"menu_order":27,"comment_status":"closed","ping_status":"closed","template":"","meta":{"nf_dc_page":"","_monsterinsights_skip_tracking":false,"_monsterinsights_sitenote_active":false,"_monsterinsights_sitenote_note":"","_monsterinsights_sitenote_category":0,"footnotes":""},"class_list":["post-4357","page","type-page","status-publish","hentry"],"aioseo_notices":[],"_links":{"self":[{"href":"https:\/\/davidrosenmann-taub.com\/fr\/wp-json\/wp\/v2\/pages\/4357","targetHints":{"allow":["GET"]}}],"collection":[{"href":"https:\/\/davidrosenmann-taub.com\/fr\/wp-json\/wp\/v2\/pages"}],"about":[{"href":"https:\/\/davidrosenmann-taub.com\/fr\/wp-json\/wp\/v2\/types\/page"}],"author":[{"embeddable":true,"href":"https:\/\/davidrosenmann-taub.com\/fr\/wp-json\/wp\/v2\/users\/2"}],"replies":[{"embeddable":true,"href":"https:\/\/davidrosenmann-taub.com\/fr\/wp-json\/wp\/v2\/comments?post=4357"}],"version-history":[{"count":1,"href":"https:\/\/davidrosenmann-taub.com\/fr\/wp-json\/wp\/v2\/pages\/4357\/revisions"}],"predecessor-version":[{"id":4360,"href":"https:\/\/davidrosenmann-taub.com\/fr\/wp-json\/wp\/v2\/pages\/4357\/revisions\/4360"}],"up":[{"embeddable":true,"href":"https:\/\/davidrosenmann-taub.com\/fr\/wp-json\/wp\/v2\/pages\/1146"}],"wp:attachment":[{"href":"https:\/\/davidrosenmann-taub.com\/fr\/wp-json\/wp\/v2\/media?parent=4357"}],"curies":[{"name":"wp","href":"https:\/\/api.w.org\/{rel}","templated":true}]}}

<h1>Interview avec David Rosenmann-Taub dans un article de Patricio Tapia</h1>
<h2><em>Las edades del hombre según David Rosenmann-Taub</em><br />El Mercurio, Santiago du Chili, 1 avril 2013</h2>
<p class="pull-quote big-quote">Le contenu que vous avez demand&eacute; n'est pas disponible dans votre langue; cependant, la version originale en espagnol est ci-dessous. </p>
<p class="the-question"><strong>1.- “La Noche Antes” concluye&nbsp;“Cortejo y Epinicio”. ¿Siempre lo  pensó así?</strong></p>
<p>Es el año 1941. Yo acababa de cumplir catorce. Me pareció muy  importante dejar testimonio de lo que es y no es humano en el ser humano; sentí  que ésa era la razón de mi existencia. <br />
  Los seres humanos forman un cortejo. Tener conciencia de la conciencia:  la victoria – el epinicio –. Quise describir el regalo de saber<em>se</em> y el de tener una voluntad. Planifiqué  la tetralogía. Me ha exigido setenta años cumplir lo que me propuse. </p>
<p><em>Cortejo y Epinicio</em> es sólo uno de mis proyectos. He sido fiel a todos ellos. Creé <em>Auge</em> en dos volúmenes. El primero ya ha  sido publicado. <em>Los Despojos del Sol</em> es  una serie numerosa de volúmenes. Y hay otros más. </p>
<p><em>Cortejo y Epinicio</em> podría haber sido publicado antes de mis treinta años. ¿Por qué he  necesitado cuarenta años más? He querido constatar mi concepción: la  experiencia directa del suceder. No ha habido diferencia. Mi visión no ha  cambiado. </p>
<p class="the-question"><strong>2.- ¿Cómo describiría la estructura de la obra total?</strong></p>
<p>Cada volumen corresponde a una de las cuatro tradicionales edades del  hombre, a una de las cuatro partes del día, y a la primavera, el verano, el  otoño y el invierno de la vida. En cada una de las estaciones siempre están  presentes las otras. En la vejez, a menudo, la primavera. </p>
<p>Si bien el cuarto volumen corresponde a la noche – el invierno, la  vejez –, la energía de la destrucción aparece a toda hora. <em>La Noche Antes</em> sucede a cualquier edad. En un sentido obvio, <em>La Noche Antes</em> es cuando la persona sabe  que se está marchando. </p>
<p>He  descrito, en otra obra, la <em>Mañana</em> siguiente a esa <em>Noche</em>. Nada termina y nada empieza. Y todo  empieza y todo termina. El mundo físico: una contradicción. La verdadera lógica  no posee lógica. No es disparatado afirmar “la eternidad nació muerta”. De la  misma manera que todo desaparece, nada puede desaparecer. </p>
<p class="the-question"><strong>3.- ¿Hay algunos cambios en los libros previos que imponga este  último?</strong></p>
<p>El trascurso del tiempo me ha permitido constatar que yo, por encima  de la edad, soy  un espejo que refleja  muchas cosas, pero el espejo es exactamente el mismo espejo. </p>
<p>En <em>Cortejo y Epinicio</em>, un poema ayuda al otro. En cada volumen están  las cuatro estaciones y hay capítulos que se continúan de libro a libro. La  referencia a la vejez y la muerte se hace más presente en <em>La Noche Antes</em>. </p>
<p>No es lo mismo el saludo cotidiano, que el definitivo adiós. Observar todo  para ver el sentido.  Observar todo para ver  que no hay ningún sentido.  Credulidad  sin fe.  Fe en la incredulidad. ¿Tiene algún  sentido vivir?  La condición humana es,  en general, inhumana. </p>
<p class="the-question"><strong>4.- En el poema “CL”, se lee “—¿Y mi obra?”: “—Yacerá en la  intemperie”. ¿Así lo cree?</strong></p>
<p>Estoy en las mismas condiciones que todos, que este planeta, que el  cosmos.  El vocablo <em>intemperie</em> contiene <em>tiempo.</em></p>
<p>El poema es un diálogo conmigo. Sé qué va a pasar con mi persona y pregunto  por mi obra. Tiene otro destino que el mío. ¿El riesgo de la <em>intemperie</em>? La <em>intemperie</em>, como yo, depende de la <em>intemperie</em>.</p>
<p class="the-question"><strong>5.- ¿Por qué sólo un poema&nbsp; (“CIX”) tiene partitura?</strong></p>
<p>Qué más música que la real unidad de dos verdaderos seres humanos.  Qué ritmo más perfecto. Una luminosa fusión. ¿Tú  y yo? No. Tú y tú. Yo y yo. Cada uno quiere lo mejor para el otro, y esta  disposición no va a cambiar. Todos mis poemas tienen su partitura rítmica. Me  pareció falta de generosidad, en este caso, no compartirla con el lector. </p>
<p class="the-question"><strong>6.- En el poema “Soberbia” dice: “No nací en Chile. / Chile nació en  mí”. ¿Podría explicarlo?</strong></p>
<p> Hablo de <em>mi</em> Chile.</p>
<p class="the-question"><strong>7.- Por otra parte, ¿se considera usted soberbio? ¿y en qué sentido de  la palabra?</strong></p>
<p>Conozco la soberbia y para ciertas situaciones es tan necesaria como  la humildad. Hay que usarlas cuando corresponde. En <em>Cortejo y Epinicio</em> tomo todas las posiciones: el sí, el no, el  quizá. Dichoso y desgraciado. Todas las disposiciones humanas. Con ética.  </p>

Interview avec David Rosenmann-Taub dans un article de Patricio Tapia Las edades del hombre según David Rosenmann-TaubEl Mercurio, Santiago du Chili, 1 avril 2013 Le contenu que vous avez demand&eacute; n&#8217;est pas disponible dans votre langue; cependant, la version originale en espagnol est ci-dessous. 1.- “La Noche Antes” concluye&nbsp;“Cortejo y Epinicio”. ¿Siempre lo pensó así? [&hellip;]
